{"id":33,"date":"2023-08-30T06:34:57","date_gmt":"2023-08-30T06:34:57","guid":{"rendered":"https:\/\/zanna.novaworks.net\/?page_id=33"},"modified":"2026-03-31T13:16:19","modified_gmt":"2026-03-31T11:16:19","slug":"adout-us","status":"publish","type":"page","link":"https:\/\/fureverbycsanyi.hu\/en\/rolunk\/","title":{"rendered":"About us"},"content":{"rendered":"<div data-elementor-type=\"wp-page\" data-elementor-id=\"33\" class=\"elementor elementor-33\" data-elementor-post-type=\"page\">\n\t\t\t\t<div class=\"elementor-element elementor-element-1c4e8d6 e-flex e-con-boxed kitify-col-width-auto-no ignore-docs-style-no kitify-disable-relative-no e-root-container elementor-top-section e-con e-parent\" data-id=\"1c4e8d6\" data-element_type=\"container\" data-e-type=\"container\">\n\t\t\t\t\t<div class=\"e-con-inner\">\n\t\t<div class=\"elementor-element elementor-element-8f19901 e-con-full e-flex kitify-col-width-auto-no ignore-docs-style-no kitify-disable-relative-no e-con e-child\" data-id=\"8f19901\" data-element_type=\"container\" data-e-type=\"container\">\n\t\t\t\t<div class=\"elementor-element elementor-element-61770cf elementor-widget elementor-widget-heading\" data-id=\"61770cf\" data-element_type=\"widget\" data-e-type=\"widget\" data-widget_type=\"heading.default\">\n\t\t\t\t<div class=\"elementor-widget-container\">\n\t\t\t\t\t<h2 class=\"elementor-heading-title elementor-size-default\">About us<\/h2>\t\t\t\t<\/div>\n\t\t\t\t<\/div>\n\t\t\t\t<div class=\"elementor-element elementor-element-4bd06a8 elementor-widget elementor-widget-text-editor\" data-id=\"4bd06a8\" data-element_type=\"widget\" data-e-type=\"widget\" data-widget_type=\"text-editor.default\">\n\t\t\t\t<div class=\"elementor-widget-container\">\n\t\t\t\t\t\t\t\t\t<p>\u00a0<\/p><p>FUREVER by Cs\u00e1nyi is Hungary's largest fur garment manufacturer and finishing factory, working with sustainable and certified luxury furs and supplying them to all over the world.<\/p><p>T\u00f6bb mint 30 \u00e9ve a c\u00e9g alap\u00edt\u00f3 tulajdonosa, Cs\u00e1nyi J\u00e1nos k\u00e9pviseli a sz\u0151rme f\u0151 z\u00e1szl\u00f3shaj\u00f3j\u00e1t K\u00f6z\u00e9p-Eur\u00f3p\u00e1ban.<\/p><p>A k\u00f6zpont Magyarorsz\u00e1gon tal\u00e1lhat\u00f3, Isaszegen, a szalon \u00e9s bemutat\u00f3terem pedig Budapest legfrekvent\u00e1ltabb r\u00e9sz\u00e9n, az Andr\u00e1ssy \u00faton l\u00e1togathat\u00f3.<\/p><p>Furever by Cs\u00e1nyi stands for quality, craftsmanship, elegance and style - with a strong focus on sustainability and transparency.<\/p><p><span style=\"font-size: inherit; text-align: var(--text-align); font-family: var(--site-main-font);\">A v\u00e1llalat terjeszked\u00e9s\u00e9vel \u00e9s a tulajdonos, Cs\u00e1nyi J\u00e1nos vitathatatlan v\u00e1llalkoz\u00f3i szellem\u00e9vel a Furever m\u00e1rka tov\u00e1bbra is referenciapont a luxus divatiparban. <\/span><\/p><p><span style=\"font-size: inherit; text-align: var(--text-align); font-family: var(--site-main-font);\">A Furever a konfekci\u00f3 \u00e1rukt\u00f3l az egyedileg k\u00e9sz\u00edtett sz\u0151rmekab\u00e1tokig sz\u00e9les k\u00f6rben k\u00e9sz\u00edt ruh\u00e1zati term\u00e9keket, kieg\u00e9sz\u00edt\u0151ket, \u00e9s ezen fel\u00fcl sz\u00e1mos lakberendez\u00e9si t\u00e1rgyak, sz\u0151nyegek, \u00e1gytakar\u00f3k, d\u00edszp\u00e1rn\u00e1k is szerepelnek k\u00edn\u00e1lat\u00e1ban, amelyekkel \u00a0a hagyom\u00e1nyt \u00e9s az innov\u00e1ci\u00f3t \u00f6tv\u00f6zi.<\/span><\/p>\t\t\t\t\t\t\t\t<\/div>\n\t\t\t\t<\/div>\n\t\t\t\t<\/div>\n\t\t<div class=\"elementor-element elementor-element-be6342c e-con-full e-flex kitify-col-width-auto-no ignore-docs-style-no kitify-disable-relative-no e-con e-child\" data-id=\"be6342c\" data-element_type=\"container\" data-e-type=\"container\">\n\t\t<div class=\"elementor-element elementor-element-26a00aa e-con-full e-flex kitify-col-width-auto-no ignore-docs-style-no kitify-disable-relative-no e-con e-child\" data-id=\"26a00aa\" data-element_type=\"container\" data-e-type=\"container\">\n\t\t\t\t<div class=\"elementor-element elementor-element-a72e12e elementor-widget elementor-widget-image\" data-id=\"a72e12e\" data-element_type=\"widget\" data-e-type=\"widget\" data-widget_type=\"image.default\">\n\t\t\t\t<div class=\"elementor-widget-container\">\n\t\t\t\t\t\t\t\t\t\t\t\t\t\t\t<img fetchpriority=\"high\" decoding=\"async\" width=\"690\" height=\"1024\" src=\"https:\/\/fureverbycsanyi.hu\/wp-content\/uploads\/2026\/03\/Kepernyofoto-2026-03-31-13.11.45-690x1024.png\" class=\"attachment-large size-large wp-image-9141\" alt=\"\" srcset=\"https:\/\/fureverbycsanyi.hu\/wp-content\/uploads\/2026\/03\/Kepernyofoto-2026-03-31-13.11.45-690x1024.png 690w, https:\/\/fureverbycsanyi.hu\/wp-content\/uploads\/2026\/03\/Kepernyofoto-2026-03-31-13.11.45-202x300.png 202w, https:\/\/fureverbycsanyi.hu\/wp-content\/uploads\/2026\/03\/Kepernyofoto-2026-03-31-13.11.45-768x1139.png 768w, https:\/\/fureverbycsanyi.hu\/wp-content\/uploads\/2026\/03\/Kepernyofoto-2026-03-31-13.11.45-1035x1536.png 1035w, https:\/\/fureverbycsanyi.hu\/wp-content\/uploads\/2026\/03\/Kepernyofoto-2026-03-31-13.11.45-8x12.png 8w, https:\/\/fureverbycsanyi.hu\/wp-content\/uploads\/2026\/03\/Kepernyofoto-2026-03-31-13.11.45-300x445.png 300w, https:\/\/fureverbycsanyi.hu\/wp-content\/uploads\/2026\/03\/Kepernyofoto-2026-03-31-13.11.45.png 1042w\" sizes=\"(max-width: 690px) 100vw, 690px\" \/>\t\t\t\t\t\t\t\t\t\t\t\t\t\t\t<\/div>\n\t\t\t\t<\/div>\n\t\t\t\t<\/div>\n\t\t<div class=\"elementor-element elementor-element-ae53a88 e-con-full e-flex kitify-col-width-auto-no ignore-docs-style-no kitify-disable-relative-no e-con e-child\" data-id=\"ae53a88\" data-element_type=\"container\" data-e-type=\"container\">\n\t\t\t\t<\/div>\n\t\t\t\t<\/div>\n\t\t\t\t\t<\/div>\n\t\t\t\t<\/div>\n\t\t\t\t<\/div>","protected":false},"excerpt":{"rendered":"<p>R\u00f3lunk \u00a0 A FUREVER by Cs\u00e1nyi Magyarorsz\u00e1g legnagyobb sz\u0151rme ruh\u00e1zati gy\u00e1rt\u00f3ja \u00e9s kik\u00e9sz\u00edt\u0151 \u00fczeme, amely fenntarthat\u00f3 \u00e9s tan\u00fas\u00edtott luxus sz\u0151rm\u00e9kb\u0151l dolgozik \u00e9s sz\u00e1ll\u00edt a vil\u00e1g minden t\u00e1j\u00e1ra. T\u00f6bb mint 30 \u00e9ve a c\u00e9g alap\u00edt\u00f3 tulajdonosa, Cs\u00e1nyi J\u00e1nos k\u00e9pviseli a sz\u0151rme f\u0151 z\u00e1szl\u00f3shaj\u00f3j\u00e1t K\u00f6z\u00e9p-Eur\u00f3p\u00e1ban. A k\u00f6zpont Magyarorsz\u00e1gon tal\u00e1lhat\u00f3, Isaszegen, a szalon \u00e9s bemutat\u00f3terem pedig Budapest legfrekvent\u00e1ltabb r\u00e9sz\u00e9n, az Andr\u00e1ssy \u00faton l\u00e1togathat\u00f3.\u2026<\/p>","protected":false},"author":1,"featured_media":0,"parent":0,"menu_order":0,"comment_status":"closed","ping_status":"closed","template":"elementor_header_footer","meta":{"footnotes":""},"class_list":["post-33","page","type-page","status-publish","hentry"],"_links":{"self":[{"href":"https:\/\/fureverbycsanyi.hu\/en\/wp-json\/wp\/v2\/pages\/33","targetHints":{"allow":["GET"]}}],"collection":[{"href":"https:\/\/fureverbycsanyi.hu\/en\/wp-json\/wp\/v2\/pages"}],"about":[{"href":"https:\/\/fureverbycsanyi.hu\/en\/wp-json\/wp\/v2\/types\/page"}],"author":[{"embeddable":true,"href":"https:\/\/fureverbycsanyi.hu\/en\/wp-json\/wp\/v2\/users\/1"}],"replies":[{"embeddable":true,"href":"https:\/\/fureverbycsanyi.hu\/en\/wp-json\/wp\/v2\/comments?post=33"}],"version-history":[{"count":25,"href":"https:\/\/fureverbycsanyi.hu\/en\/wp-json\/wp\/v2\/pages\/33\/revisions"}],"predecessor-version":[{"id":9147,"href":"https:\/\/fureverbycsanyi.hu\/en\/wp-json\/wp\/v2\/pages\/33\/revisions\/9147"}],"wp:attachment":[{"href":"https:\/\/fureverbycsanyi.hu\/en\/wp-json\/wp\/v2\/media?parent=33"}],"curies":[{"name":"wp","href":"https:\/\/api.w.org\/{rel}","templated":true}]}}

<div data-elementor-type="wp-page" data-elementor-id="33" class="elementor elementor-33" data-elementor-post-type="page">
				<div class="elementor-element elementor-element-1c4e8d6 e-flex e-con-boxed kitify-col-width-auto-no ignore-docs-style-no kitify-disable-relative-no e-root-container elementor-top-section e-con e-parent" data-id="1c4e8d6" data-element_type="container" data-e-type="container">
					<div class="e-con-inner">
		<div class="elementor-element elementor-element-8f19901 e-con-full e-flex kitify-col-width-auto-no ignore-docs-style-no kitify-disable-relative-no e-con e-child" data-id="8f19901" data-element_type="container" data-e-type="container">
				<div class="elementor-element elementor-element-61770cf elementor-widget elementor-widget-heading" data-id="61770cf" data-element_type="widget" data-e-type="widget" data-widget_type="heading.default">
				<div class="elementor-widget-container">
					<h2 class="elementor-heading-title elementor-size-default">About us</h2>				</div>
				</div>
				<div class="elementor-element elementor-element-4bd06a8 elementor-widget elementor-widget-text-editor" data-id="4bd06a8" data-element_type="widget" data-e-type="widget" data-widget_type="text-editor.default">
				<div class="elementor-widget-container">
									<p> </p><p>FUREVER by Csányi is Hungary's largest fur garment manufacturer and finishing factory, working with sustainable and certified luxury furs and supplying them to all over the world.</p><p>Több mint 30 éve a cég alapító tulajdonosa, Csányi János képviseli a szőrme fő zászlóshajóját Közép-Európában.</p><p>A központ Magyarországon található, Isaszegen, a szalon és bemutatóterem pedig Budapest legfrekventáltabb részén, az Andrássy úton látogatható.</p><p>Furever by Csányi stands for quality, craftsmanship, elegance and style - with a strong focus on sustainability and transparency.</p><p><span style="font-size: inherit; text-align: var(--text-align); font-family: var(--site-main-font);">A vállalat terjeszkedésével és a tulajdonos, Csányi János vitathatatlan vállalkozói szellemével a Furever márka továbbra is referenciapont a luxus divatiparban. </span></p><p><span style="font-size: inherit; text-align: var(--text-align); font-family: var(--site-main-font);">A Furever a konfekció áruktól az egyedileg készített szőrmekabátokig széles körben készít ruházati termékeket, kiegészítőket, és ezen felül számos lakberendezési tárgyak, szőnyegek, ágytakarók, díszpárnák is szerepelnek kínálatában, amelyekkel  a hagyományt és az innovációt ötvözi.</span></p>								</div>
				</div>
				</div>
		<div class="elementor-element elementor-element-be6342c e-con-full e-flex kitify-col-width-auto-no ignore-docs-style-no kitify-disable-relative-no e-con e-child" data-id="be6342c" data-element_type="container" data-e-type="container">
		<div class="elementor-element elementor-element-26a00aa e-con-full e-flex kitify-col-width-auto-no ignore-docs-style-no kitify-disable-relative-no e-con e-child" data-id="26a00aa" data-element_type="container" data-e-type="container">
				<div class="elementor-element elementor-element-a72e12e elementor-widget elementor-widget-image" data-id="a72e12e" data-element_type="widget" data-e-type="widget" data-widget_type="image.default">
				<div class="elementor-widget-container">
															<img fetchpriority="high" decoding="async" width="690" height="1024" src="https://fureverbycsanyi.hu/wp-content/uploads/2026/03/Kepernyofoto-2026-03-31-13.11.45-690x1024.png" class="attachment-large size-large wp-image-9141" alt="" srcset="https://fureverbycsanyi.hu/wp-content/uploads/2026/03/Kepernyofoto-2026-03-31-13.11.45-690x1024.png 690w, https://fureverbycsanyi.hu/wp-content/uploads/2026/03/Kepernyofoto-2026-03-31-13.11.45-202x300.png 202w, https://fureverbycsanyi.hu/wp-content/uploads/2026/03/Kepernyofoto-2026-03-31-13.11.45-768x1139.png 768w, https://fureverbycsanyi.hu/wp-content/uploads/2026/03/Kepernyofoto-2026-03-31-13.11.45-1035x1536.png 1035w, https://fureverbycsanyi.hu/wp-content/uploads/2026/03/Kepernyofoto-2026-03-31-13.11.45-8x12.png 8w, https://fureverbycsanyi.hu/wp-content/uploads/2026/03/Kepernyofoto-2026-03-31-13.11.45-300x445.png 300w, https://fureverbycsanyi.hu/wp-content/uploads/2026/03/Kepernyofoto-2026-03-31-13.11.45.png 1042w" sizes="(max-width: 690px) 100vw, 690px" />															</div>
				</div>
				</div>
		<div class="elementor-element elementor-element-ae53a88 e-con-full e-flex kitify-col-width-auto-no ignore-docs-style-no kitify-disable-relative-no e-con e-child" data-id="ae53a88" data-element_type="container" data-e-type="container">
				</div>
				</div>
					</div>
				</div>
				</div>

<p>Rólunk   A FUREVER by Csányi Magyarország legnagyobb szőrme ruházati gyártója és kikészítő üzeme, amely fenntartható és tanúsított luxus szőrmékből dolgozik és szállít a világ minden tájára. Több mint 30 éve a cég alapító tulajdonosa, Csányi János képviseli a szőrme fő zászlóshajóját Közép-Európában. A központ Magyarországon található, Isaszegen, a szalon és bemutatóterem pedig Budapest legfrekventáltabb részén, az Andrássy úton látogatható.…</p>
